ivided by 44.
43
Let n(a) = 4*a - 10. Let i be n(18). Let c = -50 + i. Calculate the remainder when (2 - 4)/(-2) + 33 is divided by c.
10
What is the remainder when 146 is divided by ((-9)/15)/((-6)/150)?
11
Let d = 2 + 3. Suppose 0 = -d*q + 7*q - 34. Calculate the remainder when 31 is divided by q.
14
Calculate the remainder when (-3 + -5 + 1)*-3 is divided by 7.
0
Suppose 0*z = -4*m - 5*z + 460, m + 4*z = 126. What is the remainder when m is divided by 17?
8
Suppose 15 = 2*s + s. Suppose -c = -s*c + 8. Suppose 3*g - c*l - 45 = 0, -g + 2*l + 1 + 18 = 0. Calculate the remainder when g is divided by 5.
3
Let a(u) = u**2 - 8*u. Let w be a(9). Let n be 24/w*6/8. Suppose 0 = l + 3, -n*x - 2*l = -4 - 14. Calculate the remainder when 45 is divided by x.
9
Let k(c) = c**3 - 3*c - 10*c**2 - 15 + 4*c + 0*c**3 + c. Let y be k(10). Let w = y - 2. What is the remainder when w is divided by 3?
0
Let g = 1747 - 1686. What is the remainder when 69 is divided by g?
8
Suppose 12*v = -9*v + 1344. What is the remainder when 319 is divided by v?
63
Let p be (-2 + 1 + 2)*-6. Suppose -z + l + 12 = 0, -4*l = -288*z + 287*z - 9. Calculate the remainder when (219/p)/(2/(-4)) is divided by z.
16
Suppose -3*c - 12 = -7*c. Suppose c + 14 = k. Calculate the remainder when 30 is divided by k.
13
Let j(s) = -s**3 + 10*s**2 + 12*s - 11. Let o be j(11). Let m(c) = c**2 + 19. Calculate the remainder when m(o) is divided by 12.
7
Let k(g) = g**2 + 8*g + 1. Let i be k(-9). Let q = i - -7. Calculate the remainder when q is divided by 10.
7
Suppose -120*q + 115*q + 405 = 0. What is the remainder when 108 is divided by q?
27
What is the remainder when (1/(-5) - 1)/(10/(-2775)) is divided by 57?
48
Let g be 0*(2 + 9/(-6)). Suppose 2*q - 2*c + 3 = q, g = 5*q - 4*c - 9. Let v = q - 1. What is the remainder when 5 is divided by v?
1
Let u = -400 - -739. What is the remainder when u is divided by 31?
29
Let d = 53 + -1. Suppose 2*s - 12 = d. What is the remainder when s is divided by ((-3)/((-3)/(-17)))/(-1)?
15
Let z = -72 - -151. Let c = -61 + z. What is the remainder when 52 is divided by c?
16
Let d = 2134 + -1981. Calculate the remainder when d is divided by 150.
3
Suppose 166 = -6*t + 1000. Calculate the remainder when t is divided by 48.
43
Let z(y) = 2*y - 11. Let t be z(6). Let s(n) = 9*n**3 + n**2 - n. Let p be s(t). What is the remainder when 52/(1*6/p) is divided by 20?
18
Suppose 78*u = 70*u + 488. What is the remainder when u is divided by 33?
28
Let m(t) = 7*t**3 - t. Suppose 3*l - 30 = -3*q, 2*q = -2*l + 5*l + 35. Let g = -12 + q. Calculate the remainder when m(g) is divided by 3.
0
Suppose -5*n + 8658 = 13*n. Calculate the remainder when n is divided by 3.
1
Let h be -3 + 1*(-4)/(-8)*568. Suppose -8 = -4*l, -2*g - 65 + h = 4*l. What is the remainder when g is divided by 27?
23
Let a = 14 + 0. Calculate the remainder when 3/(-6) - 847/(-22) is divided by a.
10
Let q be 28/(-4) + (2 + -6 - -77). Let x(z) = -z**3 + z - 88. Let i be x(0). Calculate the remainder when (q/(-8))/(11/i) is divided by 17.
15
Suppose -388*q + 384*q + 116 = 0. What is the remainder when q is divided by 7?
1
Calculate the remainder when (306 - 15)*(-1)/(-3) is divided by 14.
13
Let d(z) = 6*z**2 + 6*z**2 - z + 2*z. Suppose -4*x = j + 8, -5*x - j - 4*j = 25. What is the remainder when d(x) is divided by 7?
4
Suppose -b - 40 = c - 6*b, 124 = -4*c + 2*b. Calculate the remainder when 28 is divided by 1/(25/c)*(-30)/4.
1
Suppose 9 - 41 = -v. Let o = v - 36. What is the remainder when 18 is divided by (-3)/(o/(-20)*-3)?
3
Suppose -2245*h + 2250*h = 415. What is the remainder when 163 is divided by h?
80
Suppose -335 - 322 = -9*r. Calculate the remainder when r is divided by 39.
34
Let a(c) = -c**3 - 5*c**2 - 7*c - 8. Let w be a(-4). Suppose -54 + 190 = w*x. Let v = x + 59. What is the remainder when v is divided by 19?
17
What is the remainder when 41 is divided by (3 - (-48)/(-20)) + (-84)/(-10)?
5
Let v be (-3)/(1*(44/(-16) - -3)). What is the remainder when 0 - (-3)/9 - 284/v is divided by 10?
4
Let i be -3 - (25 - (4 - 0)). Let g be (-2)/3 - i/36. Let d = g - -38. What is the remainder when d is divided by 13?
12
Calculate the remainder when 49 is divided by (-2453)/(-187) + -11 + 4/(-34).
1
What is the remainder when (4 + -4 - 3)*(-38)/6 is divided by 11?
8
Let l(a) = a**3 + 5*a**2 - a - 1. Let h be l(-5). Suppose -3*z - 47 = -q, z - 188 = -h*q - 0*z. Calculate the remainder when 139 is divided by q.
45
What is the remainder when -4 - (-6 + (-2 - 62)) is divided by 23?
20
Suppose -4*d + 500 = -j, -5*d - 3*j + 638 = -j. Suppose x - d = -5*x. What is the remainder when x is divided by 6?
3
Let s be (-1 - (-3)/6)*-10. Let a(p) = -p**3 - p**2 + 12. Calculate the remainder when (-34)/15*-3*s is divided by a(0).
10
Suppose 3*m - 144 - 93 = 0. Let k = 102 - m. Suppose 2*v - o = -0*o + 31, 4*o + 59 = 3*v. Calculate the remainder when k is divided by v.
10
Suppose -11 = i - 4*o + 6, 2*i + 3*o = 21. Suppose 0 = -i*h + 83 - 29. What is the remainder when 71 is divided by h?
17
Calculate the remainder when (-957 + 25)*(10/5)/(-8) is divided by 79.
75
Suppose -5*a + 5*m + 1872 = 437, a + 3*m = 287. What is the remainder when a is divided by 98?
91
Calculate the remainder when (-108)/(-81)*((-207)/4)/(-3) is divided by 4.
3
Let b = -125 + 196. Suppose 3*t - 46 = -5*l, -t - 2*l - 32 = -4*t. What is the remainder when b is divided by t?
11
Let t(q) = 4*q**3 - 3*q**2 - 3*q + 17. Calculate the remainder when t(4) is divided by 18.
15
Let m = 10 + -14. Let n = m + 8. What is the remainder when 21 - 11 - 0/(-2) is divided by n?
2
Suppose -14*w + 11*w + 238 = o, 0 = 5*w - o - 402. Calculate the remainder when w is divided by 10.
0
Let p = 1247 - -46. What is the remainder when p is divided by 100?
93
Suppose 0 = 5*p - 2*s - 47, 72*s - 70*s + 29 = 3*p. What is the remainder when 4/(-14) - (-704)/14 is divided by p?
5
Let q = -15 + 17. Suppose q*c + 2*u - 142 = -0*u, 0 = -2*c - 4*u + 136. What is the remainder when c is divided by 19?
17
Let b be -46 + -2 - 1 - 2. Let h = 72 + b. What is the remainder when (26*6/24)/((-6)/(-36)) is divided by h?
18
What is the remainder when (-58 + 57)/((-1)/5) + 1110 is divided by 18?
17
Suppose -4*r = -6*r + 10. Suppose 3*g - 15 = 5*a, g - 4*a = -2*g + 12. Suppose -x + r + 15 = g. Calculate the remainder when 58 is divided by x.
18
Suppose 5*q - 3*q - 3*d = -2, -4*q + 8 = -3*d. Suppose -q = t - 19. Calculate the remainder when 27 is divided by t.
13
Let d(h) = h**3 + 13*h**2 + h + 26. Let c(w) = -w**3 - 4*w**2 + 3*w - 1. Let n be c(-4). Calculate the remainder when 64 is divided by d(n).
12
Suppose -h - 7 - 1 = 3*y, 0 = -4*h + 4*y - 32. Let t = h - -2. Let c = t + 14. Calculate the remainder when c is divided by 5.
3
Suppose -2*p + 3*k - 4 = -29, k = -2*p + 5. Let s(i) = 3*i - 7. What is the remainder when 31 is divided by s(p)?
7
Suppose -11*k - 45 = -16*k. Calculate the remainder when -171*-1*(-3)/(-9) is divided by k/(-3)*(-3 + -2).
12
Suppose -3*f - 5*t = -4*f - 2, -5*t = -3*f - 6. Let q = 38 - f. What is the remainder when q is divided by 7?
5
Suppose -9 = 3*a, -4*l - 3*a = -5*a - 698. What is the remainder when l is divided by 11?
8
Let z(s) = -s**3 - 23*s**2 + 48*s - 37. What is the remainder when 47 is divided by z(-25)?
8
Let p(w) = -5*w - 50. Let r be p(-10). Suppose r*l - 2*l = -92. What is the remainder when 229 is divided by l?
45
Suppose 5*w = y - 2 - 44, 4*y - 49 = 5*w. Suppose 3*o - h = 6*o + 62, 39 = -o - 4*h. Let d = w - o. Calculate the remainder when d is divided by 3.
1
Calculate the remainder when (0 - -21)*-10*2/(-4) is divided by 28.
21
Let h(p) be the second derivative of -p**3/3 - 11*p**2 - 2*p. Calculate the remainder when (-1 - (-2 - 13))*1 is divided by h(-15).
6
Suppose -10*y + 176 = -234. Calculate the remainder when 136 is divided by y.
13
Suppose -2*x = -m - 5, 0*m - 2*m = -5*x + 14. Let u(t) = -50*t + 1. Let b be u(-3). Suppose -b + 1 = -m*c. What is the remainder when c is divided by 13?
11
Let j = 101 - 45. Suppose 4*n - 3*p - 56 = 0, -4*n + 2*p + j = p. Let o = n + 1. Calculate the remainder when 40 is divided by o.
10
Let n be 6/4*(-3 - 95/(-15)). Suppose -g + 19 - 54 = -n*r, -5*g + 14 = 2*r. Calculate the remainder when 60 is divided by r.
4
S